 to base 4.
0
Convert -10 (base 15) to base 4.
-33
What is 104 (base 7) in base 2?
110101
54 (base 11) to base 13
47
Convert 3 (base 9) to base 11.
3
-35 (base 9) to base 16
-20
What is 4 (base 14) in base 10?
4
-2 (base 6) to base 5
-2
Convert 151 (base 9) to base 6.
331
What is 3 (base 12) in base 16?
3
Convert 20 (base 4) to base 15.
8
72 (base 13) to base 6
233
194 (base 10) to base 15
ce
Convert -10001 (base 3) to base 7.
-145
Convert -1 (base 11) to base 15.
-1
Convert 79 (base 16) to base 8.
171
2 (base 10) to base 9
2
What is -3 (base 12) in base 16?
-3
Convert 1bc (base 15) to base 3.
112220
What is -20 (base 12) in base 3?
-220
What is -11 (base 16) in base 14?
-13
What is -72 (base 16) in base 5?
-424
What is a (base 16) in base 4?
22
What is -1010111 (base 2) in base 15?
-5c
Convert -a (base 15) to base 8.
-12
Convert 0 (base 15) to base 10.
0
What is -12 (base 14) in base 9?
-17
What is 155 (base 11) in base 16?
b5
Convert 10 (base 4) to base 13.
4
-6 (base 16) to base 4
-12
Convert -4 (base 11) to base 10.
-4
What is 11 (base 6) in base 9?
7
14 (base 10) to base 6
22
Convert 1b (base 14) to base 4.
121
30 (base 4) to base 14
c
11221 (base 3) to base 14
97
What is 0 (base 5) in base 13?
0
7 (base 12) to base 7
10
What is -23 (base 8) in base 5?
-34
-1042 (base 5) to base 7
-300
Convert -41 (base 6) to base 10.
-25
Convert 5 (base 10) to base 7.
5
Convert 6 (base 11) to base 12.
6
What is 1 (base 8) in base 9?
1
-4 (base 13) to base 16
-4
Convert -1100001 (base 2) to base 9.
-117
What is -14 (base 8) in base 16?
-c
Convert 3a (base 16) to base 11.
53
What is 132 (base 4) in base 15?
20
Convert 1220 (base 3) to base 8.
63
54 (base 6) to base 9
37
-23 (base 11) to base 12
-21
What is -2 (base 10) in base 11?
-2
Convert 1 (base 6) to base 3.
1
-14 (base 8) to base 11
-11
30 (base 6) to base 3
200
Convert -6 (base 14) to base 12.
-6
What is -11 (base 13) in base 2?
-1110
-3 (base 13) to base 14
-3
What is -4 (base 12) in base 4?
-10
-1 (base 8) to base 15
-1
Convert 20 (base 7) to base 16.
e
What is -14 (base 11) in base 5?
-30
Convert -1 (base 16) to base 5.
-1
-17 (base 8) to base 16
-f
-21 (base 6) to base 14
-d
What is 5 (base 7) in base 8?
5
1111 (base 3) to base 2
101000
Convert 8 (base 15) to base 8.
10
Convert 15 (base 14) to base 11.
18
-6 (base 9) to base 4
-12
What is 9 (base 12) in base 4?
21
2 (base 12) to base 15
2
Convert 403 (base 6) to base 13.
b4
What is 0 (base 11) in base 14?
0
400 (base 5) to base 2
1100100
0 (base 7) to base 13
0
-14 (base 13) to base 16
-11
What is -21 (base 4) in base 16?
-9
What is 220 (base 3) in base 11?
22
Convert 3 (base 11) to base 12.
3
-24a (base 12) to base 5
-2341
36 (base 10) to base 11
33
2041 (base 5) to base 16
10f
22 (base 4) to base 10
10
What is 2 (base 14) in base 12?
2
-38 (base 10) to base 5
-123
What is c (base 15) in base 8?
14
What is -1 (base 4) in base 11?
-1
10011 (base 2) to base 4
103
Convert 8 (base 16) to base 2.
1000
Convert 1010100 (base 2) to base 9.
103
22 (base 5) to base 13
c
-2 (base 8) to base 7
-2
What is f (base 16) in base 15?
10
What is -7 (base 15) in base 8?
-7
What is 11 (base 3) in base 7?
4
What is 0 (base 11) in base 5?
0
Convert 107 (base 8) to base 10.
71
What is 0 (base 13) in base 3?
0
Convert 2022 (base 3) to base 2.
111110
What is 1b (base 12) in base 10?
23
Convert -1021 (base 5) to base 7.
-253
-54 (base 13) to base 9
-76
Convert 3 (base 4) to base 7.
3
45 (base 15) to base 4
1001
What is 7 (base 9) in base 13?
7
Convert -16 (base 12) to base 16.
-12
What is -28 (base 15) in base 10?
-38
What is 33 (base 6) in base 2?
10101
-12 (base 6) to base 4
-20
-7 (base 16) to base 8
-7
23 (base 8) to base 10
19
0 (base 11) to base 10
0
What is 4 (base 6) in base 4?
10
80 (base 12) to base 13
75
Convert -2 (base 13) to base 8.
-2
30 (base 5) to base 4
33
1 (base 11) to base 13
1
What is 144 (base 11) in base 14?
c1
-104 (base 6) to base 15
-2a
10 (base 6) to base 5
11
-7 (base 10) to base 2
-111
What is -21 (base 11) in base 12?
-1b
What is -c (base 15) in base 3?
-110
66 (base 8) to base 16
36
What is -42 (base 9) in base 7?
-53
Convert 16 (base 10) to base 4.
100
Convert -1 (base 4) to base 13.
-1
Convert -28 (base 15) to base 16.
-26
-27 (base 15) to base 16
-25
Convert -1 (base 15) to base 14.
-1
Convert -128 (base 10) to base 8.
-200
-d (base 15) to base 3
-111
Convert 10010100 (base 2) to base 8.
224
What is 3211 (base 4) in base 13?
148
ab (base 16) to base 11
146
-121 (base 16) to base 3
-101201
-31 (base 9) to base 13
-22
3 (base 13) to base 4
3
Convert 11 (base 8) to base 3.
100
3 (base 15) to base 7
3
Convert 21222 (base 3) to base 2.
11010111
What is 21 (base 6) in base 7?
16
6 (base 12) to base 9
6
What is 66 (base 7) in base 8?
60
What is -12 (base 3) in base 8?
-5
0 (base 14) to base 9
0
What is -30 (base 15) in base 16?
-2d
Convert -12112 (base 3) to base 6.
-405
11220 (base 3) to base 15
8c
1 (base 10) to base 5
1
Convert -3 (base 8) to base 14.
-3
What is -25 (base 14) in base 2?
-100001
10001 (base 2) to base 9
18
-1021 (base 3) to base 2
-100010
Convert 47 (base 11) to base 7.
102
Convert 0 (base 10) to base 15.
0
3 (base 11) to base 15
3
What is -22 (base 8) in base 15?
-13
Convert -3 (base 7) to base 16.
-3
Convert -229 (base 10) to base 3.
-22111
What is -cd (base 14) in base 16?
-b5
Convert 331 (base 10) to base 2.
101001011
-1 (base 5) to base 11
-1
Convert 7 (base 16) to base 13.
7
What is 253 (base 6) in base 8?
151
Convert 101 (base 6) to base 16.
25
-4 (base 16) to base 11
-4
Convert 1 (base 11) to base 16.
1
What is -3 (base 6) in base 11?
-3
Convert -7 (base 11) to base 3.
-21
What is b7 (base 15) in base 9?
211
Convert 3e (base 16) to base 13.
4a
-3 (base 16) to base 4
-3
Convert -132 (base 6) to base 14.
-40
Convert -76 (base 15) to base 7.
-216
What is -39 (base 13) in base 15?
-33
What is 10 (base 5) in base 3?
12
551 (base 7) to base 12
1b5
What is -20 (base 3) in base 5?
-11
What is -20 (base 6) in base 12?
-10
What is -212 (base 4) in base 13?
-2c
2 (base 10) to base 12
2
-3 (base 9) to base 4
-3
Convert -311 (base 6) to base 3.
-11021
Convert -6 (base 15) to base 2.
-110
Convert -4 (base 6) to base 9.
-4
What is -73 (base 10) in base 4?
-1021
What is 521 (base 7) in base 6?
1112
What is 16 (base 13) in base 7?
25
What is -39 (base 11) in base 10?
-42
What is 3 (base 9) in base 14?
3
Convert -dc (base 15) to base 11.
-179
What is 3 (base 14) in base 10?
3
What is 251 (base 10) in base 6?
1055
Convert 10100010 (base 2) to base 7.
321
-40 (base 10) to base 12
-34
What is -1 (base 9) in base 11?
-1
Convert 4d (base 16) to base 4.
1031
Convert 4 (base 5) to base 3.
11
223 (base 10) to base 2
11011111
244 (base 12) to base 7
664
Convert -3 (base 5) to base 9.
-3
What is -133 (base 5) in base 2?
-101011
15 (base 8) to base 10
13
-4 (base 7) to base 2
-100
What is -1 (base 16) in base 4?
-1
-10010100 (base 2) to base 14
-a8
Convert 1 (base 11) to base 4.
1
-7 (base 14) to base 9
-7
What is 36 (base 14) in base 10?
48
What is -102 (base 4) in base 6?
-30
24 (base 6) to base 14
12
-100 (base 3) to base 13
-9
Convert 1 (base 14) to base 5.
1
Convert 7 (base 12) to base 8.
7
Convert 10 (base 5) to base 9.
5
Convert 5 (base 7) to base 15.
5
1 (base 5) to base 16
1
-518 (base 9) to base 10
-422
0 (base 9) to base 15
0
What is -15 (base 8) in base 4?
-31
-27 (base 16) to base 15
-29
Convert 9 (base 15) to base 9.
10
Convert 4 (base 9) to base 7.
4
Convert 313 (base 5) to base 11.
76
Convert 3 (base 11) to base 10.
3
3 (base 10) to base 2
11
Convert 24 (base 5) to base 7.
20
What is -7 (base 10) in base 13?
-7
What is 10100 (base 3) in base 5?
330
Convert -2 (base 13) to base 9.
-2
Convert 3 (base 5) to base 8.
3
Convert 6 (base 9) to base 15.
6
What is 176 (base 11) in base 2?
11001100
Convert 15 (base 9) to base 3.
112
-28 (base 12) to base 6
-52
Convert -20 (base 10) to base 9.
-22
-12 (base 3) to base 4
-11
What is 2 (base 11) in base 6?
2
What is -10 (base 10) in base 8?
-12
What is 2101 (base 5) in base 9?
336
What is 8 (base 13) in base 9?
8
What is -2 (base 14) in base 4?
-2
What is 4 (base 7) in base 8?
4
Convert -1334 (base 5) to base 4.
-3123
What is -2 (base 3) in base 15?
-2
What is 110 (base 5) in base 10?
30
